te a(10).
10
Let j(y) = -2*y - 900 + 444 + 447. What is j(-10)?
11
Let c(f) be the first derivative of 2*f**2 + 71. Give c(-2).
-8
Let i(w) = w + 0 + 0. Let h(z) = 8 - 3 + z + 5. Let x be h(-7). Determine i(x).
3
Suppose 11 - 5 = -y. Let m(o) = -2*o - 7. Let f(c) = c + 6. Let k(d) = 6*f(d) + 5*m(d). Calculate k(y).
25
Suppose -4*s - u + 4 = 0, -2*s - 10 = 5*u - 12. Let q(w) = 5*w**2 - 3*w + 2. What is q(s)?
4
Suppose 6*r = 3*r + 9, -11 = 5*l + 3*r. Let q be 5 - (-16)/l - -2. Let d(i) = i**2 - 3*i + 1. Calculate d(q).
1
Let c(h) be the third derivative of h**5/60 - h**4/3 + 5*h**3/6 - 3*h**2 + 44*h. Suppose 4*r - 10 = 2*r. Determine c(r).
-10
Let g(h) = 0*h**2 - 4 - h**2 - 3*h + 3*h + 3*h. Suppose -30*o - 42 = -37*o. What is g(o)?
-22
Let j(a) be the second derivative of -a**4/12 + 3*a**3/2 - 31*a. Calculate j(6).
18
Suppose -5*c = x - 5, -2*x - 3*c + 2 + 8 = 0. Let w(l) = 0*l + 0*l + x - 1 + 3*l. Calculate w(-3).
-5
Suppose 2*g + 5 = 13. Let s(j) = -16*j**2 + 9*j - 15. Let m(v) = 3*v**2 - 2*v + 3. Let x(q) = -11*m(q) - 2*s(q). Give x(g).
-3
Suppose 0 = 3*n + 32 + 82. Let a = n + 42. Let i(y) = y - 3. Calculate i(a).
1
Let g(u) = -u**3 + 9*u**2 - 8*u - 6. Let r be g(6). Let o(x) = -51 - 2*x + r + x. Determine o(5).
-2
Let k(f) = 31*f - 5. Let s(i) = 86*i - 14. Let y(t) = -8*k(t) + 3*s(t). Give y(7).
68
Let g(p) = p**2 + 6*p + 2. Let k be 4*(-1 - (-10)/4). Suppose 4*b = b + 3*i - 9, -5*b + 3*i - 5 = 0. Suppose -k*c + c = 0, -5 = x - b*c. Give g(x).
-3
Let q = -165 - -168. Let c(g) = -7*g**2 - 3*g - 1. Let s(k) = 11*k**2 + 5*k + 2. Let n(x) = -8*c(x) - 5*s(x). Calculate n(q).
4
Let n(a) be the second derivative of 7*a**3/6 + 19*a**2/2 + 595*a. Determine n(-2).
5
Let w(z) = 42 + 13 - 66 + 3*z + 16. Suppose 0 = -4*m - 12, 5*x + 58 = -5*m + 18. Determine w(x).
-10
Let w be (-30)/12*6/(-5). Suppose w*o = 2*o - 1. Let t(c) = 5*c**3 + c. What is t(o)?
-6
Let r be 40/12 - 2/6. Let d(a) = 42*a - r + 4 - 43*a. What is d(-6)?
7
Let k(o) = -13*o**2 - 19*o. Let m(h) = -29*h**2 - 40*h - 1. Let g(b) = 9*k(b) - 4*m(b). Calculate g(-10).
14
Let k(x) = -x - 7. Suppose p = -4*p - 260. Let i = 52 + p. Determine k(i).
-7
Let q(r) = 6 - 2*r**2 - 65*r + 65*r - 5. Suppose -4*g + 3*g = 2*n - 1, -5 = -g. Give q(n).
-7
Suppose 0 = 4*l - 9 + 1. Let y(z) = -5*z + 0*z**2 + 4*z**2 - 3*z**l. Let a(t) = 27*t - 130. Let d be a(5). Calculate y(d).
0
Let o(q) = -q - 6. Suppose -3*u - 199 + 181 = 0. Give o(u).
0
Let n(v) = 2*v - 1. Let y(a) be the second derivative of a**4/12 - 5*a**3/6 - 2*a**2 + 6*a. Let t be y(6). Determine n(t).
3
Let x(c) = 6*c**2 - 1. Let r(u) = 29*u**2 + 16*u + 16. Let s(w) = r(w) - 5*x(w). Calculate s(17).
4
Suppose d - 12 = -2*p + 3*d, 24 = 2*p - 5*d. Let n(y) = -4*y**2 - p*y**2 - 7 + 2 + 5*y + y**3. Let k = 8772 - 8767. What is n(k)?
-5
Let u(i) = i**2 - 37*i - 34. Let z be u(38). Let h(t) = t + 4*t**2 - t**3 + 0*t + 5*t - 4 - 4*t. Calculate h(z).
4
Suppose 2*x + 4*c - 18 = -6, -5*x - 5*c = -15. Let z(n) = -n**3 - 3. Determine z(x).
-3
Suppose n + 3*m = 44 + 53, 2*n = -2*m + 174. Let s(d) = 25*d**3 + 28*d**3 + 30*d**3 + 7 - n*d**3 - 4*d - 4*d**2. Let k be (5/3)/((-4)/(-12)). Calculate s(k).
12
Let u(q) = 36*q + 233. Let z(o) = 12*o + 80. Let g(p) = -6*u(p) + 17*z(p). Calculate g(-4).
10
Let j(q) = -7*q + 143 - 352 + 208. Let d = 0 + -1. What is j(d)?
6
Suppose j + 4 = 3*j. Let i(c) = -c**2 - 6*c + 2*c**j - 2*c**2. What is i(-6)?
0
Let d = 32 - 30. Let a(m) = 13 - 60*m**2 + 128*m**d - 67*m**2. Calculate a(0).
13
Let r(k) = -k**2 - 13*k + 11. Let f(d) = d**2 + 15*d - 12. Let s(j) = 5*f(j) + 6*r(j). Suppose -4*u = -17 + 41. Give s(u).
-12
Let q(p) be the first derivative of 6 + 0*p - 1/2*p**2. Suppose -2*k + 14 = -g, 0*g + 8 = 3*g + 4*k. Give q(g).
4
Let r(c) = 12*c + 3. Let t(g) = 2*g**3 - 8*g**2 + 2. Let a be t(4). Give r(a).
27
Let s(i) = 3*i**3 + 3*i**2 - 7*i - 4. Let v(p) = 2*p**3 + 4*p**2 - 6*p - 3. Let x(b) = 3*s(b) - 4*v(b). Give x(6).
-18
Let u(l) = -5*l**3 + 17*l**2 - 3*l - 8. Let b(m) = -2*m**3 - m - 2. Let x(p) = -3*b(p) + u(p). Calculate x(-17).
-2
Let n(u) = -u**2 + 3. Suppose 19*a = 13*a - 372. Let j = a - -65. Give n(j).
-6
Let f(a) be the first derivative of -a**3/3 - 4*a**2 + 3*a - 752. Let k = -7 - 1. Give f(k).
3
Let h(c) = c + 7. Let f = -15 - -24. Suppose 0 = 10*m - f*m - 2. Let x be 0/(-3 - (m + -3)). What is h(x)?
7
Let t(b) = 8*b**3 + b**2 - 1. Suppose -26*j = 18*j + 44. Give t(j).
-8
Suppose 6*t = -21 + 9. Let q(l) be the third derivative of -l**2 - 1/6*l**3 + 1/60*l**5 - 1/12*l**4 + 0 + 0*l + 1/120*l**6. Calculate q(t).
-1
Suppose 11*s - 6 = 49. Let k(f) = 3*f**2 - 10*f - 7. What is k(s)?
18
Let a(f) = 4*f - 104. Suppose 5*q = 3*r - 78 + 18, -4*r - 3*q = -109. Give a(r).
-4
Let c(z) = 9*z**3 + 7*z**2 - 18*z + 32. Let l(b) = -4*b**3 - 3*b**2 + 8*b - 15. Let j(a) = -6*c(a) - 13*l(a). What is j(-3)?
18
Let t = 414 + -415. Let n(w) = -6*w**3 + w**2 + 2*w + 1. Determine n(t).
6
Let n = -38 - -38. Let s = 1 + 2. Let o(g) = -4*g**2 + 4 + 0 + s*g**2. Calculate o(n).
4
Let q(k) = -k**3 + 10*k**2 + 9*k - 87. Let c be q(10). Let l(v) be the second derivative of -c*v**2 + 2*v + 0 - 1/6*v**3. Calculate l(0).
-6
Suppose 0 = 2*b + 2*b - 8. Suppose 5*z + 20 = z, 0 = n - b*z - 12. Let o(p) = 0 + n - 2*p - p**2 + 2 - 3 + p**3. Determine o(2).
1
Let x(v) = v. Let g be x(3). Let z(l) = -4 - 3*l**2 + 4*l**g + 3*l - 3*l**3 - 4*l. Let t = 18 - 15. Determine z(t).
-7
Let g(d) = -2*d**2 - 210*d - 7 + 407*d - 206*d + 3*d**2. Calculate g(8).
-15
Let o(s) = s**3 + 7*s**2 + 8*s + 9. Suppose 36*h - 8*h + 168 = 0. Calculate o(h).
-3
Let z(p) = p - 1. Suppose -8*h + 2*h = 54. Let g = h - -4. What is z(g)?
-6
Let y(f) = 2*f + 10. Let u be y(-3). Let m(w) = -1. Let l(o) = o + 10. Let d(t) = u*l(t) + 36*m(t). Determine d(-4).
-12
Let v(c) be the third derivative of -1/24*c**4 + 0*c**3 - c**2 + 0 - c + 7/60*c**5. Calculate v(2).
26
Let q(v) = -v**3 + 6*v**2 + 2*v - 11. Let w = 31 - 25. Let u be q(w). Suppose -19 = 3*h + i, -3*i - 2 = u. Let z(s) = s + 6. Give z(h).
0
Let h be (-9)/(-3) - (-2 + 1). Suppose h*f = -3 + 11. Let p(y) = f + 0 + y + y - y. Determine p(-4).
-2
Let i(h) = 11 - 16 + 2*h - 1. Let k = 9 - 4. Suppose 2*m + 3 - 30 = k*a, -3*m = a - 15. Determine i(m).
6
Let h(o) = -2*o**2 + 2. Suppose c + 23 = 5*c - 3*b, -4*c + 33 = -5*b. Suppose 23 = 4*j - 3*j - 5*r, -c*j + 11 = -3*r. Determine h(j).
-6
Let b(y) = 4*y**2 + 12*y - 11. Let p(r) = -r**2 - r - 1. Let i(l) = b(l) + 5*p(l). Let d be i(5). Let t(j) = j**2 + 5*j + 7. What is t(d)?
13
Let p(l) = -l**3 - 2 + 7 - 4*l - 3*l + 7*l**2. Suppose -157 = -20*r - 37. What is p(r)?
-1
Let k = 58 - 55. Let c(u) = -3 - k + u + 12 - 7. What is c(4)?
3
Let v(c) = 6*c**2 + 2*c - 1. Let u be v(1). Let a be 2 + -5 + (u - 7). Let o(i) = -3*i**2 - 4*i - 4. Determine o(a).
-19
Let b(n) be the third derivative of 0*n + 0 + 0*n**3 - 1/24*n**4 - 18*n**2 + 1/6*n**5. Determine b(-1).
11
Suppose 15 = -311*i + 306*i. Let q(u) = -3*u + 1 + 0*u**3 - 4*u**2 - u**3 + 4 - 2. Calculate q(i).
3
Let u(k) = k**2 + 2*k + 5. Let h be u(0). Let i(n) = h*n + 12*n - 22*n + 3 - 1. Let r be (-8)/(-6) + 4/6. Determine i(r).
-8
Let p(n) = -23*n - 3. Let m be p(-2). Let k = m - 41. Let h(u) = 2*u**2 - 2*u - 1. Determine h(k).
3
Let i(w) be the second derivative of -w**5/20 - 5*w**4/12 - 3*w**2 + 105*w. Calculate i(-5).
-6
Let c(r) = -2*r**2 - 3*r + 3. Let n = -15 - -12. Let x(g) = g**2 + 4*g - 2. Let l(w) = n*x(w) - 2*c(w). Calculate l(7).
7
Let t be (-6)/(-9) + (-3 - (-184)/12). Suppose 4*u = -l + t, -4*l + 10 = 5*u - 3*u. Let s(k) = -15*k + 1. Determine s(l).
-14
Let d(h) = h**3 + h**2. Let y(i) = i**3 + 9*i**2 + 6*i + 13. Let w be y(-7). Let r = -69 + w. Determine d(r).
0
Let k(b) be the first derivative of b**4/4 - b**3/3 - b**2/2 + 13. Let f be k(2). Let d(s) = -s**2 + 2*s - 2. What is d(f)?
-2
Let j(p) = 3*p - 6. Let o(d) = 23*d - 89. Let z be o(4). What is j(z)?
3
Let j = 432 + -429. Let l(q) be the third derivative of 1/3*q**j + 6*q**2 + 1/6*q**4 + 0 + 0*q. Give l(-2).
-6
Let m(y) be the second derivative of y**5/20 - y**4/6 - y**3/3 - 2*y**2 - 378*y. Let n(v) = 4*v**3 - 2*v**2 + 1. Let z be n(-1). Let k = z - -8. Calculate m(k).
-1
Let x(s) be the first derivative of -6*s**2 + 3*s + 708. Determine x(-3).
39
Let q(b) = b**2 - 6*b + 2. Let